8)/12).
2, 37
Suppose -2*j = -3*l - 3*j - 112, 160 = -4*l + 4*j. Let q = l + 47. List the prime factors of q.
3
Let i(k) = 176*k**3 + k. Let x be i(1). Suppose 0 = -4*t + 8. What are the prime factors of 4/6*x/t?
59
Let i = 12 - 7. Suppose -4*f + i + 3 = 0. What are the prime factors of ((-19)/f)/((-1)/2)?
19
Let q be (3 + 10/(-6))*6. Suppose q = 3*t - 4*t. Let f = 14 + t. List the prime factors of f.
2, 3
Let s be 3/4 - 945/60. Let f be 1/(57/s + 4). Suppose 158 + 97 = f*j. List the prime factors of j.
3, 17
Let w(x) = 2*x**2 + 4*x + 88. What are the prime factors of w(5)?
2, 79
Suppose -2*x = -5*d + 9*d - 2658, -4*d = 4*x - 2660. What are the prime factors of d?
2, 83
Let h(q) = -q**3 + 27*q**2 - 36*q + 58. List the prime factors of h(15).
2, 1109
Let t = -90 + 95. Suppose t*q - 204 = 316. What are the prime factors of q?
2, 13
Suppose 10*i = -4*i + 4900. Let y = i + -176. List the prime factors of y.
2, 3, 29
Let r(q) = q**3 - 25*q**2 - 26*q + 60. Suppose 3*k + 26 = 4*k. What are the prime factors of r(k)?
2, 3, 5
Suppose -2*v = -2*c + 3350, c - v + 2*v = 1673. What are the prime factors of c?
2, 3, 31
Let q be 192/90 + (-2)/15. Let x(g) = g**3 + 6*g**2 + 2*g + 12. Let o be x(-6). Suppose -q*h + 94 = -3*t - t, h + t - 56 = o. List the prime factors of h.
53
Let x(n) = 0*n**2 - 46 + 44 + 4*n**2. List the prime factors of x(3).
2, 17
Suppose 10 = -3*w + 16. Suppose -5*h - 5 + 26 = w*n, n + 4*h = 12. What are the prime factors of n?
2
Let r = 8 + -2. Let u = r + -4. Suppose 0*j + u*j - 40 = 0. What are the prime factors of j?
2, 5
Suppose -4*z = -6*z - 6, 4*a + 4*z = -8. Suppose 2*u = -3*u + 185. Let v = a + u. What are the prime factors of v?
2, 19
Suppose 4*o = 4*t + 216, t = -3*o - 2*o + 288. Suppose -4*k - o = -253. List the prime factors of k.
7
Let f be 1 + 4 + 29 + 2. Suppose -58 = -5*d - 2*s, -2*s - 2 = -3*d + f. List the prime factors of d.
2, 3
Let a = 172 + 33. What are the prime factors of a?
5, 41
Suppose 2247 = -5*i + 3*t, t - 16 = -3*t. Let f = 673 + i. Suppose -40 = -r - 3*l, -5*r + 2*l + f = 4*l. What are the prime factors of r?
2, 23
Let a be 51/(-119) - ((-3)/7)/1. Suppose 0*d + 3*d - 126 = a. List the prime factors of d.
2, 3, 7
Let q(h) = h**2 - 6*h + 16. Let b be q(8). Let t = b + 60. Let d = t - 55. What are the prime factors of d?
37
Let y = -1 - -3. Suppose h = z + z - 3, -6 = -y*z. Suppose 0 = -h*s + s + 18. List the prime factors of s.
3
Let v(n) be the third derivative of 0 - 3/8*n**4 + 0*n + 2*n**2 - 1/6*n**3. List the prime factors of v(-1).
2
Let h(z) = 130*z + 12. Let b be h(6). Suppose -7*f = -3*f - b. What are the prime factors of f?
2, 3, 11
Suppose 12*g - 14*g = -8. List the prime factors of (1/(-2))/(g/(-272)).
2, 17
Let a = 3209 + -1170. List the prime factors of a.
2039
Suppose 0 = 5*z + 3 + 27. Suppose 3*o - 184 = -64. What are the prime factors of (z + 1)*(-464)/o?
2, 29
List the prime factors of 1 + -5 - (-3)/(27/4230).
2, 233
Suppose 188*k = 192*k - 8, 2*v = 3*k + 7444. List the prime factors of v.
5, 149
Let l(a) = 3 + a**3 + 10*a**2 - 2*a - 2 + 12*a + 3. Let k be l(-9). What are the prime factors of (-7 - k)*(-63)/6?
3, 7
What are the prime factors of ((-960)/(-14))/((-9)/(-63)) + 4?
2, 11
Let d = -8 - -13. Let m(t) = t**2 + 2*t. Let o be m(4). Suppose 4*f + o = -d*w + 6*w, -w - 3*f = -10. List the prime factors of w.
2
Suppose b = -18 + 5. Let t be (b + -2)*2/6. Let y = t + 13. List the prime factors of y.
2
List the prime factors of 7 + 6952/(2 - -6).
2, 3, 73
Let f(j) = 26*j + 674. What are the prime factors of f(0)?
2, 337
Let z(i) = -52*i + 5. Let j be z(-3). Suppose -57 = 2*k + 4*a + j, -4*k - 5*a - 451 = 0. Let d = -75 - k. List the prime factors of d.
2, 11
Suppose -3*x - 4*b + 5212 = 0, -22*x + 26*x + b = 6932. List the prime factors of x.
2, 433
Let w = -68 - -68. Let y(m) = 3*m + 139. What are the prime factors of y(w)?
139
Let c(z) = -z**3 - 25*z**2 + 24*z - 94. What are the prime factors of c(-27)?
2, 179
Let q(h) = -h + 182. List the prime factors of q(-14).
2, 7
Suppose 6*l - l - 1250 = -2*v, -2*l + 1238 = 2*v. What are the prime factors of v?
3, 5, 41
Let d = 272 + -483. Let z = -116 - d. What are the prime factors of z?
5, 19
Let h(q) be the first derivative of -9*q**2/2 + 7*q + 5. Let x be h(11). List the prime factors of 2/(-4*2)*x.
23
Suppose 0 = -0*f - 6*f. Let a be 4/(-4) + (f - 11). List the prime factors of a/1*119/(-28).
3, 17
Let n = -140 + 97. Let z = 30 + n. Let f(d) = d**3 + 13*d**2 - 5*d + 12. List the prime factors of f(z).
7, 11
Suppose -3*z = -3*a - 608 - 1225, 0 = a. What are the prime factors of z?
13, 47
Let v(t) = 66*t**2 + 2*t + 4. Let m be v(-2). Suppose -7*i + m = -387. What are the prime factors of i?
3, 31
Suppose -2*d = 4, 0*b - 5*b + 19 = -2*d. Let t(g) = 0*g + b*g - 4*g + g**2 + 5*g - 4. List the prime factors of t(4).
2, 7
Suppose -2*b - 450 = -4*a, 5*a + 0*a - 3*b - 564 = 0. Suppose 5*m - 4*u = 576, -7*u + 2*u - a = -m. What are the prime factors of m?
2, 29
Suppose 18 = 3*d + g, -5*d - 4*g + 16 = -7*g. Suppose u - 312 = -3*k + 6*u, -d*k = -2*u - 501. What are the prime factors of k?
3, 11
Let o = 292 - -327. List the prime factors of o.
619
List the prime factors of 0 - (-2)/(-7) - 53375/(-49).
3, 11
Let l(m) = 2*m**2 + 2*m - 3*m + 11*m. Let p be l(-6). List the prime factors of (-73)/(-3) - 4/p.
2, 3
Let z(r) = r**3 + 10*r**2 - 7*r - 1. Let b = -19 + 9. List the prime factors of z(b).
3, 23
Let j = 32 - 30. Suppose 12 = -4*q, 2*q - 132 + 22 = -j*u. What are the prime factors of u?
2, 29
Let m = -272 - -278. List the prime factors of m.
2, 3
Let g be 3216/(-20) - (-2)/(-10). Let n = g + 401. Suppose -6*b = -b - n. List the prime factors of b.
2, 3
Let n be -7*9*(-2)/3. Let k be (1/(-3))/((-2)/(-3))*8. Let r = n + k. List the prime factors of r.
2, 19
Let z = 91 - -1339. List the prime factors of z.
2, 5, 11, 13
Suppose -5*a + 17013 = p, 5*a + 2*p - 13066 = 3945. List the prime factors of a.
41, 83
Let y(t) = -t**3 - 15*t**2 - 16*t + 1. Let n(m) = -2*m - 4. Let l be n(5). What are the prime factors of y(l)?
29
Let h = 46 + -46. List the prime factors of 206 + 2 + -2 - h - -1.
3, 23
Let b = 683 + -361. List the prime factors of b.
2, 7, 23
Suppose -6*r = -2*r - 8, -6432 = -5*l + 4*r. What are the prime factors of l?
2, 7, 23
Let f = -92 + 91. Let b(s) = 219*s**2 - 2*s - 1. List the prime factors of b(f).
2, 5, 11
Let f = -126 + 130. List the prime factors of 9 + 3/(-3) + (f - 3).
3
Let p = 22 - 0. What are the prime factors of p?
2, 11
Suppose -215*l = -180*l - 109935. List the prime factors of l.
3, 349
Let a = 957 + -669. What are the prime factors of a?
2, 3
Suppose -517 = -k - w, -2*k + 3*w + 1049 = -0*k. List the prime factors of k.
2, 5, 13
Let g be (8/(-6))/((-20)/(-30)) - -3. Suppose 2*z = -2*i, 0 = -3*i - 2*z - g + 3. List the prime factors of i.
2
Let v be (2 - 0)/(-4)*-14. Suppose 0 = -v*t - 3*t + 200. What are the prime factors of t?
2, 5
Let y = -58 + 62. Suppose -y*x - 865 = -5*q, -2*x + 905 = 5*q + 2*x. What are the prime factors of q?
3, 59
Suppose -3*i = i + 2*y + 18, 2*y = i + 7. Let k(r) = -r**3 + r**2 + 13*r + 5. List the prime factors of k(i).
2, 3, 5
Suppose -33*y = -22*y - 9845. List the prime factors of y.
5, 179
Suppose 0 = 143*v - 140*v - 1116. List the prime factors of v.
2, 3, 31
Suppose 633 = -5*r + 38. Let i = r - -199. What are the prime factors of i?
2, 5
Suppose v + 112 = -3*v. Let x = -23 - v. Suppose -x*o + 24 = -o. List the prime factors of o.
2, 3
Suppose 113205 = 31*t + 25661. What are the prime factors of t?
2, 353
What are the prime factors of 5*(4 - -274) - 24/(-4)?
2, 349
Let x = -8 - -10. Suppose -5 = w - 2*f - 57, x*w + 3*f - 104 = 0. Let h = 99 - w. What are the prime factors of h?
47
Suppose 142 + 1030 = 4*h. What are the prime factors of h?
293
Let c be (-14)/(-49) + 26/7. Suppose c*w + o + 215 = 0, o = 5*w + 5*o + 255. Let p = -16 - w. What are the prime factors of p?
3, 13
Let k = 7 - 7. Suppose -h + 74 = 26. Suppose -4*j + 5*o + 57 = 0, k = 3*j - 0*j - 2*o - h. List the prime factors of j.
2, 3
Let b be (-5 + 3)*9/(-6). Suppose 5*v - 3*l = 54, -b*v - 3*l + 40 = -l. List the prime factors of v.
2, 3
Suppose -52*l + 4393 = -29*l. List the prime factors of l.
191
Let g = -13 + 17. Suppose 2*r + 2*h + 2*